/374 - 12/22. Suppose t = 12*l - 2553. What is the tens digit of l?
4
Let r(u) = 32*u - 29. Suppose 5*b - 2*k - 19 = 4*b, -3*b + 57 = 5*k. Suppose 16 = 7*i - b. What is the hundreds digit of r(i)?
1
Suppose -68 = -8*l - 52. Suppose -3*u - 1605 = -6*u - 3*p, -l*u + p = -1082. What is the hundreds digit of u?
5
Suppose -111*t + 122*t = 62172. What is the tens digit of t?
5
Suppose 3*b + 322844 = 4*j + 5*b, 0 = 2*j - 4*b - 161442. What is the tens digit of j?
1
What is the thousands digit of ((-72172)/(-18))/(1540/126 - 12)?
8
Suppose 4*b = 3*u - 14194, 69*u + 5*b = 66*u + 14158. What is the tens digit of u?
2
Let m(h) = -5*h + 27. Let n be 10/(-35) - ((-96)/(-14))/4. Let r(x) = 10*x - 55. Let d(q) = n*r(q) - 5*m(q). What is the units digit of d(11)?
0
Let g(z) be the first derivative of -3*z**2/2 - 36*z - 7. Let r be g(-14). Suppose -2*w + r = 0, -227 = -4*n - 2*w + 51. What is the tens digit of n?
6
Let h(j) = 6*j**3 - 12*j**2 - 13*j + 1. Let k(p) = -7*p**3 + 15*p**2 + 14*p - 2. Let x(s) = -6*h(s) - 5*k(s). What is the hundreds digit of x(-9)?
4
Let p = -64 + 102. What is the units digit of ((-2)/(-2))/(p/12996)?
2
Suppose -49*k + 48*k - 6 = 0. Let w be k/9 + (-454)/(-6). Let m = w - 55. What is the tens digit of m?
2
Let d = -8 - 4. Let v = -4 - d. Suppose -v*l + 170 = -3*l. What is the tens digit of l?
3
Suppose 2*h - 4*i - 23602 = 0, -181*h = -185*h + 2*i + 47210. What is the hundreds digit of h?
8
Let z(o) = 1772*o + 1330. What is the ten thousands digit of z(24)?
4
Let c be (-2)/13 + 2546/(-13). Let b = c + 225. What is the units digit of b?
9
Suppose 10*r - 29 = 1. Suppose 90 = -5*k + k + 2*q, 57 = -2*k + 5*q. What is the tens digit of 424/r + (-14)/k?
4
Suppose -77*q = -5023694 + 701838. What is the units digit of q?
8
Let k(v) = -2*v - 2. Let u(o) = -o + 7. Let t(d) = -15*k(d) - 5*u(d). Let b be -1 + 1 + (8 - 2). What is the hundreds digit of t(b)?
2
Let d = -7 - 4. Let h(p) be the third derivative of p**4/24 + 13*p**3/6 - 12*p**2. What is the units digit of h(d)?
2
Let h = -97 - -95. Let c be 0/((h/6)/(2/(-12))). Suppose 3*b + 166 - 490 = c. What is the units digit of b?
8
Let t = 34 - 30. Let z be t - (6/15 - 1)*-5. What is the tens digit of -3 + z - (-112 - -16)?
9
Let i = -32 + -11. Let s be i/9 + (-6)/27. What is the units digit of (-379)/(-6) - s/(-30)?
3
Let q = -31153 + 44347. What is the thousands digit of q?
3
Suppose -303*o + 2669150 + 2393530 = -57*o. What is the tens digit of o?
8
Let k(y) = y**2 + 45*y + 122. What is the tens digit of k(58)?
9
Let z = 44 - 40. Suppose m = -z, 5*f - m = 113 + 66. What is the tens digit of f?
3
Let b = 11951 - 5817. What is the units digit of b?
4
Let h(n) = -n**3 + 19*n**2 - 63*n - 9. Let y be h(14). Suppose -6736 = -105*g + y*g. What is the hundreds digit of g?
4
Let o(q) = 25*q + 17. Let v be o(-10). Let j = -93 - v. Suppose -6*g + j = -4*g. What is the units digit of g?
0
Let q(x) = -3*x + 4. Let t be q(0). Suppose 0 = -i + 5*n + 607, -t*i + 14*n = 12*n - 2410. What is the tens digit of i?
0
Let s(n) = -38*n - 8. Let c be s(-1). Let l be (-1)/(c/7296)*-5. Suppose 5*o + p - 1218 = 3*p, 4*p = 5*o - l. What is the tens digit of o?
4
Let u = 10 - 16. Let w(q) = 4 - 95*q + 3*q**2 + 33*q + 38*q + 39*q. What is the tens digit of w(u)?
2
Let x = 1171 - -2436. What is the thousands digit of x?
3
Let f be 1/4 - (-33728)/256. What is the tens digit of ((-28314)/f)/((-3)/4)?
8
Let o(q) = 123*q - 566. What is the thousands digit of o(25)?
2
Suppose 14 = 2*q - 2*t, -7 - 24 = -3*q + 5*t. Suppose 4*u = -q*u - 12. What is the tens digit of (-6 - 204/(-30))*(-55)/u?
2
Let b(i) = -27*i**3 + 3*i**2 + 3*i. Let c(q) = -26*q**3 + 2*q**2 + 3*q. Suppose -3*x - 20 = -2. Let z(y) = x*c(y) + 5*b(y). What is the hundreds digit of z(2)?
1
Let f(g) = g**3 + 3*g**2 - 4*g - 9. Let z be f(-2). What is the units digit of (z - -299)*16/16?
2
Let n(r) = r**2 + 20*r + 2. Suppose 4*l - a + 84 = 3*a, 0 = -l + 2*a - 26. Let q be n(l). Let v = -22 - q. What is the tens digit of v?
4
What is the tens digit of (-1288753)/(-68) + (-10)/40?
5
Let g = -6975 - -9889. What is the units digit of g?
4
Let u = -10501 + 22497. What is the tens digit of u?
9
Let r = 33978 + -13925. What is the ten thousands digit of r?
2
Let v(d) = -2*d + 93. Let j be v(29). What is the units digit of (-638)/(-5) + 14/j?
8
Let g(c) = -c**3 - 19*c**2 - 35*c - 26. Let y be g(-17). What is the tens digit of 2 - (0 + -1)*(-8361)/y?
3
Suppose -13*l = -8*l - 5*z - 288385, -173027 = -3*l + 4*z. What is the hundreds digit of l?
6
Let o = 17671 + -6671. What is the hundreds digit of o?
0
Let m = 13612 + 4973. What is the thousands digit of m?
8
Let j(z) = 149*z**2 + 5*z - 6. Let c be j(2). Let s = c + -204. Suppose -o = 3*o - s. What is the units digit of o?
9
Suppose 3*y = -3*o + 30, 3*o - y - 2*y - 6 = 0. Suppose -5*f - 3 = 3*p - o, -p = -5*f - 1. What is the units digit of (-196)/(-6)*(4 - 0 - p)?
8
Let k(l) = -343*l - 40 + 134*l - 11 - 4. What is the units digit of k(-7)?
8
Suppose -35 = -40*b + 35*b. Let l(r) = r**3 - 4*r**2 + 8*r - 26. What is the units digit of l(b)?
7
Let p(j) = j**2 - 14*j + 2. Let d be p(14). Suppose 2*q - 2*y = 232, -d*q = -q + 5*y - 98. Let s = 186 - q. What is the tens digit of s?
7
What is the hundreds digit of -1 + 218850/21 - -15*4/(-140)?
4
Suppose 9*x - 12*x + 3039 = 0. Suppose 0 = 7*y + x - 6305. What is the hundreds digit of y?
7
What is the tens digit of -4 + (-4 - -17) - -7153*3?
6
Let u = 58 + -54. Let k(c) = 1 + 5*c**2 + c - 3 + 3 + 4*c**2. What is the hundreds digit of k(u)?
1
Let k = -31328 - -52748. What is the units digit of k?
0
Suppose -38*w - 45*w + 96*w - 174356 = 0. What is the hundreds digit of w?
4
Let w be 1408/(-18) + (-10)/(-45). Let t be w/48 - 3/8. What is the hundreds digit of 0 + 1 - t - (1 + -128)?
1
Let i(x) = 5*x**2 - 2*x - 30. Let l be (-55)/(-15) + (-8)/12. Let k(c) = -2*c**2 + c + 15. Let h(o) = l*i(o) + 7*k(o). What is the tens digit of h(5)?
4
Let p(g) = -5 - 177 + 61 - 51*g + 13*g. What is the tens digit of p(-7)?
4
What is the units digit of 6118 + 16/((-64)/68)?
1
Let r(h) = -20*h**2 + 13*h - 9. Let b be r(4). Let l = 40 - b. What is the hundreds digit of l?
3
Let f(q) be the third derivative of q**6/120 + 2*q**5/15 - q**4/6 - 10*q**3/3 + 2*q**2 + 10. Let x = 3 - 11. What is the units digit of f(x)?
2
Let a(x) = -10*x**2 - x + 1. Let c be a(-2). Let w = c - -211. Suppose -5*l + 0*i + w = 2*i, -9 = 3*i. What is the tens digit of l?
3
Suppose -b - 167*v + 166*v = -61371, 2*v = -b + 61373. What is the tens digit of b?
6
Let m be (4 + 810/(-4))/(6/(-84)). Suppose 64*r - 3301 = m. What is the units digit of r?
5
Let g be (-1 - 38090/(-14))*(-18 - -32). Let o be (-3)/(-15) + -4 + g/20. Suppose o = 26*p - 6*p. What is the units digit of p?
5
Suppose 0 = -3*u - 6, 4*n = 5*u - 3*u + 16. What is the tens digit of (-4*n/(-3))/(8/724)?
6
Suppose -381207 = -200*x + 293093 + 1227100. What is the units digit of x?
7
Let u(q) = -q**2 + 173*q - 60. What is the tens digit of u(41)?
5
What is the units digit of 1545599/231 - 4/(-42)?
1
Let o = 842 + 12621. What is the thousands digit of o?
3
What is the units digit of 22451 + 43/(602/252)?
9
Suppose 40*k + 57392 = 43*k - 4*r, -4*k + 76471 = 5*r. What is the units digit of k?
4
Let z = 42 - 40. Let b be 5 - z - 1 - (-4 + 1). Suppose -3*y + b*y = 96. What is the tens digit of y?
4
Suppose 0 = -2*x - 41 - 117. Let l = 90 + x. Suppose -4*b - 98 = -l*b. What is the tens digit of b?
1
Let i(q) = q**3 + 23*q**2 + 30*q - 44. Let u be i(-19). Let y = u - 757. What is the units digit of y?
3
What is the tens digit of 881/(-1)*((-558)/72)/(2/8)?
1
Suppose -3670*v + 3630*v = -1054440. What is the thousands digit of v?
6
Let o = -106 + 106. Suppose 2*y + 2*q = 616, o*q = -3*y - q + 926. What is the units digit of y?
9
Let v(n) = 660*n**2 - 161*n + 10. What is the tens digit of v(3)?
6
Suppose f = -3*f + 216. Let l = f + -6. What is the tens digit of l?
4
Let x(j) = j**3 - 10*j**2 + 30*j - 334. What is the thousands digit of x(15)?
1
Let r = 56 - 62. What is the hundreds digit of (-25245)/66*r/5?
4
Suppose 0 = -x + 5*l + 31174, 0 = 1206*x - 1204*x + 3*l - 62335. What is the hundreds digit of x?
1
Let a(c) = 866*c**2 - 3*c + 2. Let v be a(1). Suppose 1121 = 6*w - v. What is t